3 - 6*l**2 - 7*l. Let u = -26 - -21. List the prime factors of c(u).
2, 5
Suppose -27 = 4*n - 191. What are the prime factors of n?
41
Let i(w) = 2 + 1 - w + 2*w**2 - 3*w. Let s be i(2). Suppose -4*b + 16 = 4*y - s*y, -2*y + 26 = 5*b. List the prime factors of y.
2
Let t(l) = -3*l - l**3 - 7*l + 7*l**2 + 5 + 5*l. What are the prime factors of t(6)?
11
Let z = -15 - -31. Let i = z + -11. Suppose 0 = -i*k + 5*b + 30, -2*k + k + 3*b = -4. List the prime factors of k.
7
Suppose 4*w + 8 = -0. Let d be (-2)/(-4)*(w - -2). Suppose d*c = c - 14. List the prime factors of c.
2, 7
What are the prime factors of 174/4 + (-3)/(-12)*2?
2, 11
Suppose 140 = 5*d - 345. List the prime factors of d.
97
Let m = -28 - -19. Let t = 9 - m. List the prime factors of t.
2, 3
Let b(l) = l**3 - 11*l**2 + 9*l + 10. Let a be b(10). Suppose 3*z - z - 22 = a. List the prime factors of z.
11
Let l(a) = -a**3 + 3*a**2 + 2*a - 6. Let p be l(4). Let f be 1/(1/p*-1). Suppose -13 = -3*d + f. List the prime factors of d.
3
Let v(x) = x**3 - 9*x**2 - 5*x + 5. Let j be v(9). List the prime factors of ((-18)/(-5))/((-12)/j).
2, 3
Let y = -40 + 68. Suppose h = 2*h. Suppose -2*p = -h*p - y. List the prime factors of p.
2, 7
Suppose -2*z = -6 + 4. Let o be 2/(z - 10/6). What are the prime factors of 6/((-1)/9*o)?
2, 3
Suppose -60 = -3*k + 5*k. What are the prime factors of 18/k + 106/10?
2, 5
Let s be 2/3 - (-25)/3. Suppose -n + 5*u = 4*n, -8 = -5*n + u. Let y = s + n. What are the prime factors of y?
11
Let w(n) = -154*n**3 + n + 1. What are the prime factors of w(-1)?
2, 7, 11
Suppose 225 = 2*s + 3*s. Suppose s = 8*g - 3*g. What are the prime factors of g?
3
Let u(v) = v**2 - 8*v - 3. Suppose -5*y + 2*k = 26, -4*y = k - 0*k + 13. Let s = y - -13. What are the prime factors of u(s)?
2, 3
Suppose -p - 3*s + 2 = 0, -2*s - 22 = p - 5*p. Suppose 0 = p*a - 4*c + 11, -3*a + 18 = -a + 4*c. Let g(d) = 6*d - 1. What are the prime factors of g(a)?
5
What are the prime factors of -22*(8 + -4)/(-4)?
2, 11
Let k(l) = -l**2 + 6*l + 4. Let j be k(5). Suppose j + 3 = -3*x. What are the prime factors of 30/x*(-4)/3?
2, 5
Suppose -5*g - z + 27 = 0, 0*g + 3 = -g + 4*z. Suppose 0*k + g*k - 75 = 0. Suppose 36 = 4*h + 4*n, 2*h + 0*n = n + k. List the prime factors of h.
2
Let l = -50 + 70. List the prime factors of l.
2, 5
Let h = -22 + 13. Let d = h - -13. Suppose 0 = -d*b + 5 + 19. List the prime factors of b.
2, 3
Let u(f) = f**3 - 3*f**2 - 3*f - 4. Let m be u(4). Let l = -26 - -25. What are the prime factors of (m - 0)*l - -19?
19
Suppose i + 2*i = 6. Let b = 0 + i. Suppose 3*u - 5 - 22 = -b*r, 0 = 4*u - 5*r - 13. List the prime factors of u.
7
Suppose -2*g = -4*g + 4. Suppose g = 3*j - 2*j. What are the prime factors of j?
2
Let c(b) = b**2 + 2*b + 4. Let g be c(-4). Suppose 8 = 4*h - g. Suppose -h*y + 4*u = u - 58, -u = -4. List the prime factors of y.
2, 7
Let l = -17 + 10. Let f = l + 10. Let j = f + 5. List the prime factors of j.
2
Suppose 0 = 3*k - 9*k + 108. Let o be (-4)/(-4) - -18*2. Let t = o - k. List the prime factors of t.
19
Suppose 3*t = -0*t + 2*u - 16, 3*t + 1 = -u. Let n be t/(-6) - 20/(-12). Suppose n*c + 40 = 2*q + 3*q, -3*c - 45 = -5*q. List the prime factors of q.
2, 3
Let k be (-1)/(-2)*(-5 + 3). Let u be 1*(k - -1*4). Suppose -16 = -3*a - 2*w, a - 15 = -a + u*w. What are the prime factors of a?
2, 3
Let j(s) = -2*s**2 + 8*s + 5. What are the prime factors of j(4)?
5
List the prime factors of 30/(-10) - 36/(-1).
3, 11
Suppose -4*v + 33 + 227 = 0. List the prime factors of v.
5, 13
Suppose 4*t + 0*t = 12. Suppose -a - u + 13 = 0, -t*u = -2*a - u + 10. What are the prime factors of 2/(-4)*-2*a?
3
Let i(n) = 3*n + 2. Let m be i(4). Let b = 26 - m. List the prime factors of b.
2, 3
Suppose 6 + 14 = 4*l. Let b = l - 3. What are the prime factors of b/(-8) - 164/(-16)?
2, 5
Let o(f) = -f**3 - 10*f**2 - 11*f - 9. Suppose 0 = -7*z + z - 54. What are the prime factors of o(z)?
3
Let j = 4 - -12. Suppose -j = -b - 3*b. What are the prime factors of b?
2
Suppose -6 = -3*c - 0. List the prime factors of (31/c)/((-6)/(-12)).
31
Suppose -4*v = v - 20. Let x(i) = -i**3 + 5*i**2 - 2*i + 1. Let a be x(v). List the prime factors of a*1*2/2.
3
Let m be 11/3 - 4/(-12). Let d = 11 - m. What are the prime factors of d?
7
Let t(m) = -m**3 + 13*m**2 - 13*m + 8. List the prime factors of t(10).
2, 89
Suppose v = -5*x - 0*v + 1076, 2*x - v - 429 = 0. What are the prime factors of x?
5, 43
Suppose -2*q - 88 = 4*c, c - 118 = -0*q + 3*q. Let t be (q/6 + -2)*-15. List the prime factors of 10/(-35) + t/14.
3
Let u(s) = s + 4. Let p be u(5). Let c = -1 + p. Let z = 14 - c. List the prime factors of z.
2, 3
Suppose 0 = -12*t + 14*t - 208. What are the prime factors of t?
2, 13
Let s = -29 + 133. List the prime factors of s.
2, 13
Suppose 10*a + 245 = 5*a - 4*q, q = 5*a + 245. List the prime factors of 5/(-10)*(a + 3).
23
Let m(i) = -i**3 + i**2 - i + 21. Let c = -1 - -5. Let z = 4 - c. List the prime factors of m(z).
3, 7
Suppose 0 = -h - 19 + 56. What are the prime factors of h?
37
Let p(x) = 4*x - 2*x - x - 7. Let l be p(10). Suppose -6*i + 24 = -l*i. What are the prime factors of i?
2
Let l = -206 + 362. List the prime factors of l.
2, 3, 13
Suppose 0 = 4*c + 2*v - 3*v + 7, 4*c + v + 9 = 0. Let g(y) = -y**3 + 7*y**2 - 7*y - 8. Let x be g(6). What are the prime factors of ((-6)/(-7))/(c/x)?
2, 3
Suppose -195 = -5*t - 5*c, -2*c - 107 = -3*t - 3*c. Let v = 6 - t. Let h = 40 + v. What are the prime factors of h?
2, 3
Let q(w) = w**3 - 5*w**2 + 2*w + 8. Let n = -5 + 10. List the prime factors of q(n).
2, 3
Let q = 689 - 469. Suppose -2*z - 3*z + q = 0. List the prime factors of z.
2, 11
Let v = 34 - 8. What are the prime factors of v/(-65) + 464/10?
2, 23
Let y(g) = -3*g - 15. Let x be y(-6). Let w(f) = f**2 - f - 3. What are the prime factors of w(x)?
3
Let j = -21 - -28. List the prime factors of j.
7
Let j = -184 - -274. What are the prime factors of j?
2, 3, 5
Let w(b) be the third derivative of b**4/24 - b**3/6 - 2*b**2. Let d be w(8). Suppose 5*m - d = 8. What are the prime factors of m?
3
Let n(t) = 19*t + 1. Let c be n(5). Suppose c + 24 = 5*a. List the prime factors of a.
2, 3
Let k(g) = -g**2 + 3*g + 5. Let w be k(3). Let b = 7 + w. What are the prime factors of b?
2, 3
Suppose -5*u + 275 = 2*o, -4*u = -2*o + 58 + 208. What are the prime factors of o?
3, 5
Suppose 218 + 358 = 3*f. Suppose 48 = l - 2*w + 6*w, 0 = -5*l + 4*w + f. Suppose -4*u - 2*h = -44, -4*u - h - 2*h = -l. List the prime factors of u.
13
Suppose -3*b + 4*c = -11 + 63, 0 = 5*b - 4*c + 92. Let v = b + 28. Let q = 2 + v. List the prime factors of q.
2, 5
Suppose -65 + 21 = -r + 2*t, -92 = -2*r + 3*t. Suppose 37 = -w + 4*w - 4*c, 0 = 3*w - c - r. What are the prime factors of w?
19
Suppose 156 = 75*q - 72*q. List the prime factors of q.
2, 13
Suppose -a + 6*a = -15. What are the prime factors of 1/(-3)*(-87 - a)?
2, 7
Let h = 3 - -11. Suppose 2*n = h + 12. What are the prime factors of n?
13
Suppose 134 = -5*x + 1099. List the prime factors of x.
193
Let g(a) = a**3 + 5*a**2 + 2*a + 10. Let k be g(-7). Let c be k/27 - 4/18. List the prime factors of c/14 - (-130)/14.
3
Let d = 33 - 13. Let q be 32/d*15/2. Let b = q - 3. List the prime factors of b.
3
Let p(x) = 54*x - 1. Let m(a) = 54*a - 1. Let q(c) = 5*m(c) - 6*p(c). Let o be q(1). List the prime factors of 3/(-12) + o/(-4).
13
Let f be 2/(-2) - (-48)/4. Let n = f - 22. Let u = 20 + n. What are the prime factors of u?
3
Suppose -32 = -4*s - 4. Let f(x) = x**3 - 10*x**2 + 10*x - 4. Let n be f(9). Let q = s - n. What are the prime factors of q?
2
Suppose -442 = -12*k - 58. List the prime factors of k.
2
Let f(y) = -27*y - 42. What are the prime factors of f(-9)?
3, 67
Suppose x - 3 = 4*b - 3*b, 4*b - x + 18 = 0. Let o be (-4)/(-10) - 28/b. What are the prime factors of 65/o - (-3)/18?
11
Let u(n) = -n. Let z be u(4). Let f be (36/(-4))/((-6)/z). Let s(d) = d**3 + 6*d**2 - 2*d - 7. What are the prime factors of s(f)?
5
Let x = -3 - -1. Let q = 6 - x. What are the prime factors of q?
2
Let h be 16/6*(-63)/(-6). Let j = 42 - h. List the prime factors of j.
2, 7
Suppose 0 = -m - 4*v + 12 + 1, -83 = -3*m - v. Suppose -2*i = -45 - m. What are the prime factors of i?
37
Let y = -3 - -7. Let c